factors of r(37)?
2, 3, 53
Let y = 979 - -33082. What are the prime factors of y?
34061
Suppose -247*b + 5*x = -245*b - 28168, 3*b = x + 42213. List the prime factors of b.
11, 1279
Suppose 0*c = 2*k - c - 8, -4 = -k - 3*c. Suppose k*d = -d. Suppose 5*i - 2 = 5*f + 43, d = -i - 2*f + 24. What are the prime factors of i?
2, 7
List the prime factors of 20/45 - 1*539/99 - -4941.
2, 617
Suppose -520 = -8*v + 648. Suppose 2*x + x = 4*u + v, 0 = -5*x - 3*u + 195. List the prime factors of x.
2, 3, 7
Let a be 0 + ((-475)/5)/5. Let h be a/76 + (-38)/8. Let t(m) = -48*m - 39. What are the prime factors of t(h)?
3, 67
Let c = 414 + -410. List the prime factors of (4764/16 - 6)*c.
3, 389
Let h(z) = 2*z**2 + 99*z + 250. List the prime factors of h(-55).
3, 5, 19
Suppose -55*f + 72 = -47*f. Suppose 5*h = 5*j + 2775, 5*j = 5*h + f*j - 2820. List the prime factors of h.
2, 5, 7
Let d be 4/(16/20) - -4. List the prime factors of d/((-72)/(-2656)) + 2 + 0.
2, 167
Let g(f) = 13*f**2 - f + 3. Let h be g(-2). Let a = h - 109. What are the prime factors of a/(-6)*3/2?
13
Let k = 143 + -73. Suppose 2*j = -202 + k. Let l = -26 - j. What are the prime factors of l?
2, 5
Let b = 9465 + -4446. What are the prime factors of b?
3, 7, 239
Let h(q) = 11*q - 48. Let t(v) = -35*v + 145. Let k(l) = -11*h(l) - 4*t(l). What are the prime factors of k(14)?
2, 107
Let g(w) = -32*w - 3. Let x be g(-4). Suppose 4*n = -37 + x. Suppose -n = -2*a - 8. What are the prime factors of a?
7
Let j = 825 - 289. What are the prime factors of j - ((-3)/(-5) - 144/40)?
7, 11
Suppose 114 = 27*t - 21. Suppose 0 = -2*u, -u = -2*h - t*u + 56. List the prime factors of h.
2, 7
Let o(z) = -z**2 + 11*z + 18. Let g be o(7). What are the prime factors of g/(-345) - 3/(45/(-2642))?
2, 11
Let g(n) = 20*n**2 - 12*n + 20. Let u(b) = 7*b**2 - 4*b + 7. Let y(x) = -5*g(x) + 14*u(x). Let a be y(2). What are the prime factors of 32 - 2 - a/(-2)?
29
Suppose -2*z - 8 = -h, -6*h + 24 = -h - 2*z. Suppose h*d - 3*u = -1 - 96, -2*u + 50 = -2*d. Let f = 6 - d. What are the prime factors of f?
2, 7
Let b(s) = 4*s**2 + 4*s - 4. Let x be b(-4). Let r = -44 + x. Suppose 2*v - 6*v + 92 = r. What are the prime factors of v?
23
Let i(r) = -47*r**3 - 13*r**2 + 27*r + 171. List the prime factors of i(-6).
3, 359
Let t(b) = -b**2 - 5*b + 16. Let y be t(-7). Let s = 6 - y. Suppose 5*d = s*d + 87. What are the prime factors of d?
3, 29
Suppose 4*u = -12, 4*d - 2*u + 12 = 30. Let b = 537 + -299. Suppose n - 127 = -3*z, -5*z - b = -2*n - d*z. List the prime factors of n.
11
Let g = -27495 - -90228. List the prime factors of g.
3, 11, 1901
Suppose 0*s = 6*s - 196848. Suppose -21*k = 3*k - s. List the prime factors of k.
1367
Let p be 6/2 - 504/(-4). Suppose a = -4*i - 46, -p = 2*a - i - 1. Let g = a + 120. What are the prime factors of g?
2, 29
Let r be (-585)/(-1) - (22 + -24). Let u = r - 167. Suppose -6*l - u = -13*l. List the prime factors of l.
2, 3, 5
Let w(j) = 5*j + 31. Let s be w(-4). Suppose -13*r + 844 = -s*r. What are the prime factors of r?
2, 211
Let t(n) = 25*n - 7. Let r(c) = 38*c - 10. Suppose 6*o - 7 = 7*o. Let i(z) = o*t(z) + 5*r(z). What are the prime factors of i(5)?
2, 37
Suppose 645 = -5*r + 2*r. Let q be 1/((-5)/r + 0). Suppose -q = -5*w + x, 2*w + x = 3*w - 11. What are the prime factors of w?
2
Let r be 17/7 - (-8 + (-236)/(-28)). What are the prime factors of (-21505)/(-46) + r/4?
2, 3, 13
Let p(u) = u**3 - 8*u**2 + 6*u - 7. Let r be p(7). Let i be (-36)/3 - (9 + -7 + 0). List the prime factors of ((r - -1)*1)/(2/i).
7, 13
Let u(x) = x**3 - 18*x**2 - 10*x + 2. Let c be u(21). Let t = c - 719. List the prime factors of t.
2, 3, 11
List the prime factors of (-4)/(-5)*(-1 - 266535/(-10)).
2, 7, 1523
Suppose -4168 = -18*x + 119852. List the prime factors of x.
2, 5, 13, 53
Let h be ((-10)/4 - (-6)/3)*-26. Let m = h + 5. List the prime factors of 1/(-3) - (-1176)/m - -3.
2, 17
Let o(m) = m**2 + 12*m - 1. Let t be o(-11). Let p be (-852)/t*1/1. Let h = -5 + p. What are the prime factors of h?
2, 3, 11
Suppose 3*c - 2*c = 2. Suppose 10*y = -4*y + 94 - 10. What are the prime factors of (117 - (y - 4))*c?
2, 5, 23
Let t(u) = -u**3 + u - 2. Let y be t(-6). Let f = 63 - 58. Suppose -2*z - w = -115 - y, f*z = 3*w + 835. List the prime factors of z.
2, 41
Suppose -2*r + 35513 = 5*f - 65518, -4*f = r - 50520. List the prime factors of r.
2, 3, 23, 61
Suppose -3*b + f = 5*f - 70, -3*f = -3*b + 105. List the prime factors of (-6)/b*5 - -1541.
2, 5, 7, 11
Let a = 36 - 16. Suppose 4*w + a = 4*c, 4*w - 35 = -3*c + 15. Suppose b = 49 + c. What are the prime factors of b?
59
Let o = 32 + -27. Suppose z - 4*z - 4*d + 20 = 0, -o = -d. Suppose -4*w - 6*w + 930 = z. What are the prime factors of w?
3, 31
Let h = 340 - -982. List the prime factors of h.
2, 661
Let f(n) be the first derivative of 13/2*n**2 - 21*n + 9. What are the prime factors of f(16)?
11, 17
Let u = 136 - 88. Let s be ((-5)/(-2) - 0)*u/10. Suppose s + 24 = 4*r + 4*a, 1 = -a. List the prime factors of r.
2, 5
Let m = 44287 - -17535. What are the prime factors of m?
2, 30911
Suppose 3*u - 2*g - 29 = -2*u, -9 = -3*g. Suppose -c + 4*p + 360 = u*p, 4*c = 5*p + 1525. List the prime factors of c.
3, 5
Let m(t) be the third derivative of t**5/10 + t**4/6 - 21*t**3 - 3*t**2 + 10. What are the prime factors of m(-17)?
2, 5, 7, 11
Let u(h) = 22 + 5 + 10 + 52*h**2 + 3 + 11 - 12*h. List the prime factors of u(4).
5, 167
Let k be (-1)/2 - (-83)/2. Let b = -37 + k. Suppose 0 = b*r + 4*f - 60, 2*f - 23 = -r - f. What are the prime factors of r?
11
List the prime factors of 6/(-20) - 1449646/(-220).
11, 599
Suppose 5*n + 4*g = -0*g + 25, -3*n - 5*g = -15. Suppose 4*b - 3*s = 2145, n*b - 5*s - 1617 = 2*b. What are the prime factors of b?
2, 3, 89
Let k(p) = -158*p - 23. Let d = 167 + -171. List the prime factors of k(d).
3, 7, 29
Let l(p) = 16*p**2 + 128*p + 18. List the prime factors of l(-31).
2, 29, 197
Suppose -5*p + n = -2291, -2*p + 5*p - 5*n - 1357 = 0. What are the prime factors of 212/2*p/54?
17, 53
Let i be -7 + 2525/5 + 7. Suppose -6*t = -419 - i. What are the prime factors of t?
2, 7, 11
Let n(g) = -g**3 - 8*g**2 - 7*g + 6. Let f be n(-7). Let p be 3/f*68/(3 + -5). Let d(a) = -a**2 - 17*a + 25. List the prime factors of d(p).
5
Let u = 49 - -1. Let k be (-1 - -1)/(15/5 + -1). Suppose -14*f + 9*f + u = k. What are the prime factors of f?
2, 5
Suppose 4*k - 162 = -5*k. Suppose z = 7*z - k. List the prime factors of (z - 2) + (-4 - -1) + 100.
2, 7
Suppose 5*n + 5 = 4*g, 1 = 4*n - 11. Suppose g*i = -20, c - 3*i + 2*i + 127 = 0. Let x = -61 - c. What are the prime factors of x?
2, 5, 7
Let s = -1231 + 7149. List the prime factors of 20/(-15) + s*2/12.
5, 197
Suppose 0*h - 3*z - 156 = -h, 306 = 2*h - 3*z. Suppose -3*j - 9 = -h. Suppose -j*g - 92 = -49*g. What are the prime factors of g?
2, 23
Suppose t = -60 + 439. Suppose t = 2*c + 31. What are the prime factors of c?
2, 3, 29
Suppose 0 = 29*h - 287315 - 873265. List the prime factors of h.
2, 3, 5, 23, 29
Let k = 292 + -421. Let f = k + 130. Let j(s) = 298*s**2. What are the prime factors of j(f)?
2, 149
Let l(x) = 400*x + 33. Let f be l(9). Let n = -1863 + f. What are the prime factors of (n/25)/(-3)*-5?
2, 59
Let c(m) = -107*m - 132. List the prime factors of c(-6).
2, 3, 5, 17
Suppose 7*b - 2*b + g = 12, b + g = 0. Suppose b*c + c = 8. List the prime factors of 53 + (-10)/(c + 0).
2, 3
Suppose -4*q - 4*u = -32, -4*q + 3*u = -0*q - 11. Suppose -5*g - q*h + 585 + 1380 = 0, -4*h - 1193 = -3*g. What are the prime factors of g?
5, 79
Suppose -7*y + 17*y - 6920 = 0. Suppose -4*n + y = 4*m, 4*m - 7*n + 3*n = 684. Suppose 5*l = m + 93. List the prime factors of l.
53
Let x(j) = -3*j**3 - j**2 - 32*j + 34. What are the prime factors of x(-11)?
2, 2129
Let v(r) = r**3 - 5*r**2 - 6*r - 3. Suppose -12*k + 42 = -5*k. Let s be v(k). List the prime factors of (-29 - s)*(-35)/10.
7, 13
Suppose 26 = 5*b + 1. Suppose -b*i + 3304 = 3*i. What are the prime factors of i?
7, 59
Suppose -4*k = -2*x + 8088, -10*x - 4*k = -15*x + 20244. What are the prime factors of x?
2, 1013
Let r(b) = b**3 + 16*b**2 - 18*b + 23. Let w(l) = -l - 11. Let a be w(-14). Suppose a*k - 17 = 4*k. List the prime factors of r(k).
2, 5
Suppose 2*t - y - 11954 = 0, 